{"id":57,"date":"2017-01-09T20:48:29","date_gmt":"2017-01-09T19:48:29","guid":{"rendered":"http:\/\/www.christianruch.ch\/index.php\/?page_id=57"},"modified":"2017-11-09T13:19:38","modified_gmt":"2017-11-09T12:19:38","slug":"abdankungen","status":"publish","type":"page","link":"https:\/\/www.christianruch.ch\/index.php\/abdankungen\/","title":{"rendered":"Abdankungen \/ Sterbebegleitung"},"content":{"rendered":"<p><img decoding=\"async\" loading=\"lazy\" class=\"alignnone size-medium wp-image-110\" src=\"http:\/\/www.christianruch.ch\/wp-content\/uploads\/2017\/01\/IMG_8529-300x169.jpg\" alt=\"\" width=\"300\" height=\"169\" srcset=\"https:\/\/www.christianruch.ch\/wp-content\/uploads\/2017\/01\/IMG_8529-300x169.jpg 300w, https:\/\/www.christianruch.ch\/wp-content\/uploads\/2017\/01\/IMG_8529-768x433.jpg 768w, https:\/\/www.christianruch.ch\/wp-content\/uploads\/2017\/01\/IMG_8529-1024x578.jpg 1024w, https:\/\/www.christianruch.ch\/wp-content\/uploads\/2017\/01\/IMG_8529.jpg 1500w\" sizes=\"(max-width: 300px) 100vw, 300px\" \/><\/p>\n<p>In einer schnelllebigen Zeit wie unserer sind Rituale als \u201eMarksteine\u201c auf dem Lebensweg sehr wichtig. Sie helfen uns, Ver\u00e4nderungen, Anf\u00e4nge und Abschiede bewusst zu erleben und so uns das zu schenken, was im Alltag oft fehlt: eine intensivere Wahrnehmung und Lebendigkeit.<\/p>\n<p>Ich freue mich, gemeinsam mit Ihnen diese \u201eMarksteine\u201c zu gestalten und ihnen die Form zu geben, die Sie sich w\u00fcnschen, um den neuen Abschnitt auf Ihrem Lebensweg bewusst zu beginnen.<\/p>\n<p>Basis meiner Spiritualit\u00e4t ist ein katholisch gepr\u00e4gter christlicher Glaube, der offen f\u00fcr den spirituellen Reichtum der Mystik und anderer Traditionen ist. Die von mir angebotenen Rituale eignen sich daher auch sehr gut als Erg\u00e4nzung kirchlicher Feiern.<\/p>\n","protected":false},"excerpt":{"rendered":"<p>In einer schnelllebigen Zeit wie unserer sind Rituale als \u201eMarksteine\u201c auf dem Lebensweg sehr wichtig. Sie helfen uns, Ver\u00e4nderungen, Anf\u00e4nge und Abschiede bewusst zu erleben und so uns das zu schenken, was im Alltag oft fehlt: eine intensivere Wahrnehmung und Lebendigkeit. Ich freue mich, gemeinsam mit Ihnen diese \u201eMarksteine\u201c zu gestalten und ihnen die Form &hellip; <\/p>\n<p class=\"link-more\"><a href=\"https:\/\/www.christianruch.ch\/index.php\/abdankungen\/\" class=\"more-link\"><span class=\"screen-reader-text\">&#171;Abdankungen \/ Sterbebegleitung&#187;<\/span> weiterlesen<\/a><\/p>\n","protected":false},"author":1,"featured_media":0,"parent":0,"menu_order":0,"comment_status":"closed","ping_status":"closed","template":"","meta":[],"_links":{"self":[{"href":"https:\/\/www.christianruch.ch\/index.php\/wp-json\/wp\/v2\/pages\/57"}],"collection":[{"href":"https:\/\/www.christianruch.ch\/index.php\/wp-json\/wp\/v2\/pages"}],"about":[{"href":"https:\/\/www.christianruch.ch\/index.php\/wp-json\/wp\/v2\/types\/page"}],"author":[{"embeddable":true,"href":"https:\/\/www.christianruch.ch\/index.php\/wp-json\/wp\/v2\/users\/1"}],"replies":[{"embeddable":true,"href":"https:\/\/www.christianruch.ch\/index.php\/wp-json\/wp\/v2\/comments?post=57"}],"version-history":[{"count":6,"href":"https:\/\/www.christianruch.ch\/index.php\/wp-json\/wp\/v2\/pages\/57\/revisions"}],"predecessor-version":[{"id":138,"href":"https:\/\/www.christianruch.ch\/index.php\/wp-json\/wp\/v2\/pages\/57\/revisions\/138"}],"wp:attachment":[{"href":"https:\/\/www.christianruch.ch\/index.php\/wp-json\/wp\/v2\/media?parent=57"}],"curies":[{"name":"wp","href":"https:\/\/api.w.org\/{rel}","templated":true}]}}